y(g) = -g**3 - 10*g**2 + 11*g - 2. Let z(f) = -f**2 + f - 1. Let n(t) = -y(t) + 4*z(t). Let o be n(-6). Let j = o + -13. List the prime factors of j.
3
Let b = -4 - 20. Let p = -29 - b. Let l(h) = -h**3 - 4*h**2 - 7*h - 8. List the prime factors of l(p).
2, 13
Suppose -y + 100 = 4*y. List the prime factors of (-15)/(-50)*(-84)/(-9)*y.
2, 7
Suppose -5*x = -6*x + 12. Suppose -8*n - 292 = -x*n. What are the prime factors of n?
73
Let c(x) = -x**3 + 16*x**2 + 14*x - 16. Suppose -n + 82 = 5*b, -2*n - 28 = 2*b - 4*b. What are the prime factors of c(b)?
2, 13
Let k(a) = a - 1. Let q(v) = 4*v**2 + 6*v - 4. Let g(o) = -5*k(o) + q(o). Let x be 1/((-3 - -4) + -2). List the prime factors of g(x).
2
Let w = 1679 - -93. What are the prime factors of w?
2, 443
Let w = 22 - 19. Suppose 0 = -w*b - d + 110, -5*b - 4*d + 28 = -160. Let j = -10 + b. What are the prime factors of j?
2, 13
Suppose -4*f = -2*t + 846, -5*t + t = -2*f - 1704. List the prime factors of t.
7, 61
Let i = 100 + 23. Let r = i - 72. List the prime factors of r.
3, 17
Let a be 2 + -7 + 5 + 0. Suppose -3*o + a*u = -u - 648, 440 = 2*o + 2*u. What are the prime factors of o?
7, 31
Suppose -3*t = 3*c - 0*t - 4164, 4*t - 6937 = -5*c. What are the prime factors of c?
5, 277
Let w(k) = 4 + 2*k**2 - 3 + k - 2*k + 4*k. Let j be w(-3). List the prime factors of (52/j)/(7/70).
2, 13
Suppose 2*z - 1 + 3 = l, -2*l + z + 4 = 0. Suppose l*i + 275 = 7*i. What are the prime factors of i?
5, 11
Let r(m) = -m + 15. Let x be r(-18). Suppose -2*p + 6*p + 2*v - 48 = 0, -v = -4. Let u = x + p. What are the prime factors of u?
43
Let b(w) = w + 3. Let u be b(0). Let t(a) = -18*a + 27. Let y be t(4). List the prime factors of ((-5)/u)/(3/y).
5
Suppose -19 = 4*d - 3. List the prime factors of d - 3/6*-30.
11
Let h(j) = 122*j - 989. What are the prime factors of h(48)?
31, 157
Let s(h) = -h**3 + 7*h**2 + 12*h - 1. Let a be s(8). Suppose 0 = 2*t - 2*u + a - 241, -213 = -2*t + 3*u. What are the prime factors of t?
2, 3, 17
Let b = -106 + 52. Suppose 12 = 2*y - 4*l, 46*l - 8 = -4*y + 50*l. List the prime factors of (5 - b)*(-2)/y.
59
Let h be 71/((1 + 0)/(0 - -1)). Suppose h = -4*n + 207. List the prime factors of n.
2, 17
List the prime factors of 82 - (-8 + 3/(9/12)).
2, 43
Let r(k) = -57*k + 18. What are the prime factors of r(-20)?
2, 3, 193
Let f(x) = 3*x**2 + 4*x + 2. Let z be f(-2). Let h = 639 + -624. List the prime factors of (z/h)/((-1)/(-125)).
2, 5
Suppose 4*o - 2*o + 26 = 0. Let t = 16 + o. Suppose -100 = -t*i - i. What are the prime factors of i?
5
Let k(c) = 122*c + 2. Let i be k(4). Suppose 2*n = -2*v - 0*v + i, 2*v = 2*n + 498. List the prime factors of v.
13, 19
Let x(z) = 2*z**3 - 17*z**2 - 12*z - 22. What are the prime factors of x(12)?
2, 421
Let z be (-4)/2*(-15)/10. Suppose -z*o = -7*o + 184. Suppose 3*g - o = -4*l, -3*l - 7*g = -3*g - 38. List the prime factors of l.
2, 5
Let x(f) = f**2 - 5*f + 5. Let c be x(2). Let k be 32 + -12 - 2*c. Let d = k - -4. List the prime factors of d.
2, 13
Let y be ((-16)/(-10))/(1/15). Suppose -4*b + y = -0. Let v(n) = 7*n - 5. List the prime factors of v(b).
37
Let x(p) = -2*p + 2*p - 3*p + 2*p**2 + 3. Let y be x(2). Suppose -5*g - 5*z + 48 = -12, 3*z = y*g - 28. List the prime factors of g.
2
Let z = -15 - -16. Suppose -4*q + 11 + z = 0. What are the prime factors of q?
3
Let i(c) = -c**3 - 7*c**2 + 8*c - 21. List the prime factors of i(-11).
3, 5
Let a(i) = -6*i + 1. Let f be a(1). Suppose 0 = 19*y - 11*y + 120. Let j = f - y. List the prime factors of j.
2, 5
Suppose -2*g = -7*g - 900. Let l = g - -329. What are the prime factors of l?
149
Let w = -24 + -258. Let f = -198 - w. What are the prime factors of f?
2, 3, 7
Let l(o) = 7*o**2 + 3*o - 12. Let m be l(-7). Let i = m + -208. What are the prime factors of i?
2, 3, 17
Let n be (20/2)/(-2)*-1. Suppose 0*b - 269 = -4*b - n*j, -4*j = -3*b + 194. What are the prime factors of b?
2, 3, 11
Suppose -12*c = -75*c + 136206. List the prime factors of c.
2, 23, 47
Suppose -4*a + 3*a = 0. Suppose k + 119 = 3*b - a*k, b - 4*k = 47. What are the prime factors of b?
3, 13
What are the prime factors of 6/(-12) - (2 - 1946/4)?
2, 11
Suppose -2*i + 92 = -182. Suppose 4*l + 5*q = 89, -4*l + i = -3*q + 24. List the prime factors of l.
2, 13
Let q be (-5)/((-5)/3) - -3. What are the prime factors of (q/(-3) - -21)*1?
19
Let n(r) = 3*r**2 + 61*r - 19. Let g(u) = 2*u**2 + 30*u - 9. Let m(o) = 5*g(o) - 2*n(o). What are the prime factors of m(-8)?
5
Let l = 26 - 34. Let j = -3 - l. Suppose o - 19 = b, 0 = -j*b - 10. List the prime factors of o.
17
Let l be 4 - ((7 - 2) + -4). What are the prime factors of (l - -75) + (-1 - 0)?
7, 11
Let s(d) = d**3 - 9*d**2 + 15*d - 9. Let w be s(6). What are the prime factors of (35022/w)/(-13) - (-4)/18?
2, 5
Suppose -13*f = 762 - 6807. What are the prime factors of f?
3, 5, 31
Let t = 1107 + -291. What are the prime factors of t?
2, 3, 17
Let a(j) = j**3 + 3*j**2 - 9*j + 5. Let l be a(-5). Suppose l = 5*n - 383 + 103. List the prime factors of n.
2, 7
Suppose -32480 = 5*r - 21*r. List the prime factors of r.
2, 5, 7, 29
Suppose 0 = 2*k - 54 - 14. What are the prime factors of k?
2, 17
Let h be 2 - (3 + -4 - 2). Suppose -b + h*j = -9, 3*j = 3*b - b + 3. Let c = 35 - b. What are the prime factors of c?
41
Suppose -w + 3*f = -74 + 23, 2*w - 2*f = 114. Let p = 32 - w. Let u = -11 - p. List the prime factors of u.
17
Let g(v) = -3*v - 4*v**2 - 2 - 3*v**3 + 0 + 2*v**2 + 0. Let s be g(-2). Suppose -3*l - l + 8 = 0, -t - 3*l + s = 0. List the prime factors of t.
2, 7
Let t(h) = h**3 - 6*h**2 - h + 8. Let k be t(6). Let p be (180/(-27))/(k/(-3)). Suppose j - p - 20 = 0. What are the prime factors of j?
2, 3, 5
Suppose 3*t + 3*m = 2610, -6*t + 4*t + 1740 = -5*m. List the prime factors of t.
2, 3, 5, 29
Let s = -12 + 135. What are the prime factors of s?
3, 41
Let u(t) = -t**3 + 6*t**2 - 2*t - 3. Let m(h) = -4*h - 2 - h + 4*h - 4*h + h**2. Let d be m(6). List the prime factors of u(d).
3, 7
Let v = 247 + -612. Let j = v - -697. What are the prime factors of j?
2, 83
Suppose 2*b + 3*p = 25, 2*b - 12 = -b + 4*p. Suppose -6*o = -b*o + 4. Suppose 0*h + 2*z + 56 = 2*h, -56 = -o*h - 5*z. What are the prime factors of h?
2, 7
Let i = 542 - 317. Suppose -3*w + i = 2*w. List the prime factors of w/10 - 1/(-2).
5
Let w(o) = -10*o + 64. Let m be w(6). Suppose q - 3*c - 184 = 0, q + m*c = -q + 378. What are the prime factors of q?
11, 17
Suppose -2*m = -6*m + 4. Let r(j) = -j**2 - j + 1. Let t(y) = -10*y**2 + 4*y - 3. Let p(x) = -3*r(x) - t(x). What are the prime factors of p(m)?
2, 3
Let a = -9 + 9. Suppose a*k = 5*k - 450. Suppose -k = -5*x - 2*y, -2*y + 36 = 2*x + y. What are the prime factors of x?
2, 3
Let w(u) = u**3 - 16*u**2 - 19*u - 7. Let m be w(18). Suppose -o - m = -n, 3 = -2*o - 1. List the prime factors of n.
3, 11
Let o(k) = -9*k + 2. Let n(r) = r**2 - 18*r + 3. Let q(t) = 2*n(t) - 5*o(t). List the prime factors of q(-8).
2, 13
Let c(d) = -2*d**2 - 7*d - 6. Let x be c(-4). Let g be (x/4)/((-1)/2). Suppose 3*b - u + 78 = 8*b, -g*u + 90 = 5*b. List the prime factors of b.
3, 5
Suppose n + 3*n = 4*u + 68, 2*n - 52 = 3*u. Let t be (-1)/3 - 330/u. What are the prime factors of (-6)/(-10)*(73 - t)?
3, 11
Let u be (-3 + (-2)/(-1) - -2)*2. Suppose -4*h + 425 = -5*q, -3*q = h - u*h + 101. List the prime factors of h.
2, 5, 11
Let v = 93 + -58. Suppose -2*b - 4*u = -58, 2*b + u + v = 3*b. What are the prime factors of b?
3, 11
Let s = 62 - -16. What are the prime factors of (-1)/(1/s*-3)?
2, 13
Let c(j) = j**2 - j - 2. Let h be c(-2). Suppose 0 = h*z - 26 - 2. What are the prime factors of z/(-49) + (-226)/(-14)?
2
What are the prime factors of (-2 - 14/(-4))/((-102)/(-1156))?
17
Let f(o) = o**3 + 6*o**2 - 9*o - 9. Let d be f(-7). Suppose d*w - 108 = 327. Let b = w - 59. List the prime factors of b.
2, 7
Let p(b) = -b**3 + 3*b**2 + 4*b. Let n be p(4). Suppose n = 5*l - 3*l. Suppose -5*s - 10 + 0 = l, 5*f - 4*s = 118. List the prime factors of f.
2, 11
Let a(f) be the second derivative of -f**5/20 - 5*f**4/6 - 11*f**3/6 + f**2/2 - f. Let y(s) = s**2 - s - 9. Let z be y(0). What are the prime factors of a(z)?
19
Let v = 50 + 417. Suppose -172 + v = 5*q. List the prime factors of q.
59
Let r(k) = 26*k + 7. Let p